sands digit of v?
0
Let j = 23538 - -21817. What is the tens digit of j?
5
Let b(k) = 6*k**3 + 2*k**2 + k - 1. Let w be b(2). Suppose l - 70 = -l - 2*h, 152 = 4*l - 2*h. Suppose -o + w = -l. What is the tens digit of o?
9
Let w = 20903 + -8789. What is the hundreds digit of w?
1
Suppose -1365597 = -211*v - 860624 + 1335158. What is the thousands digit of v?
8
Suppose d - 14 = -d. Let t be (3132 - -2)/(d/((-28)/(-8))). Suppose -7*l - 83 = -t. What is the hundreds digit of l?
2
Let x = -77 - -62. Let p be 3*(3 - (-35)/x). Suppose -8*o + 400 = p*o. What is the tens digit of o?
4
Let n be (-2 + 6 + -186)*6/(-12). What is the units digit of 1172/(-7)*n/(-13)?
2
Suppose -a - 3*c = 3*a, -c = -2*a. Let x be (-2)/(-3) + (-14)/21 - a. Suppose 12 = 4*y, x = -3*u - y + 154 - 40. What is the tens digit of u?
3
Suppose 0 = -5*x - 3*c + 55426, 4*c = 6*x - x - 55447. What is the thousands digit of x?
1
Let q(l) = -9*l**2 + 211*l + 23. What is the hundreds digit of q(14)?
2
Suppose 2*u + 3*u = 3*b + 3152, -u = 2*b - 620. Suppose 2*y - u = -l + 8, -2*y + l + 640 = 0. Let v = 537 - y. What is the units digit of v?
8
Let g = 43 + -74. Suppose -3*w - o - 136 = -5*w, -5*w = -4*o - 337. Let r = g + w. What is the units digit of r?
8
Let p = -3376 + 41927. What is the tens digit of p?
5
Let h(s) = 38741*s - 475. What is the hundreds digit of h(1)?
2
Let s = 16 - 19. Let w(k) = 6*k + 85. Let p be w(-13). What is the units digit of (127/(-3))/(s*p/126)?
4
Let o(b) = 135*b + 47. Let h(d) = d**2 - 12*d - 24. Let n be h(14). What is the tens digit of o(n)?
8
What is the tens digit of (-9498931)/(-117) + -3 - 8/18?
8
Let w(l) = -l**3 - 9*l**2 - 14*l - 3. Let j be w(-7). Let m(t) = 3*t + 6. Let c be m(j). What is the tens digit of (-374 + -1)*c/9?
2
Let f be (-1)/(4/220*-1). Suppose -3 = -j, j - 6*j + f = 4*l. Let y(p) = -p**2 + 15*p - 6. What is the units digit of y(l)?
4
Let p = 2822 + -1601. Suppose 5*d - p = -2*q + 6*d, -2*q = -2*d - 1220. What is the units digit of q?
1
Suppose 77*u + 7*u - 23944 = 21584. What is the hundreds digit of u?
5
What is the tens digit of 0/3 - 67296/(-4)?
2
Suppose i = 3*h - 4*h - 67, 2*i + 5*h = -128. What is the tens digit of i/207 - 104/(-6)?
1
Let p be (4/6)/(6/(-18)) - 4. Let k be (-6)/(-9)*(1 + 15/p). What is the units digit of 50 + (k - 0 - -5)?
4
Let p(n) = -5*n**2 - 1. Let x be p(-1). Let c be 10/(-15)*x - 349/(-1). Suppose -q - 234 = -3*t + 4*q, -5*t - 4*q + c = 0. What is the tens digit of t?
7
Let k be 1/(8 + (-65564)/8196). Let b = -1451 + k. What is the tens digit of b?
9
Let h be (24/6)/(-12) - (-899)/(-3). Let t = h - -464. Suppose 2*i - 4*a - t = -0*a, 4*a = 8. What is the units digit of i?
6
Suppose -16*d = -251 - 16181. What is the tens digit of d?
2
Let y(j) be the third derivative of 3/10*j**5 - 1/120*j**6 - 14/3*j**3 + j**2 + 25/24*j**4 + 0 + 0*j. What is the tens digit of y(19)?
8
Suppose 0 = 4*z - 5*w - 29, 8*z + 3*w - 15 = 5*z. Let j be (-3)/(27/z) + 672/9. Suppose 3*s - 4 = j. What is the units digit of s?
6
Let m(z) = 2934*z - 5219. What is the ten thousands digit of m(9)?
2
Let g(o) = o**3 + 8*o**2 + o - 3. Let c be g(-8). What is the tens digit of (20 + c)*(8 + 1)?
8
Let r(u) = -268*u - 272*u - 270*u - 1 + 812*u + 5*u**2 + 17*u**2. Suppose -3*q - 3*w = -2*w - 7, 3*q - 5 = w. What is the tens digit of r(q)?
9
Let p(h) = 58*h**2 + 301*h + 3871. What is the hundreds digit of p(-13)?
7
Suppose 0 = m + 12*f - 24617, 6*f - 73785 = -3*m + 3*f. What is the hundreds digit of m?
5
Let t(o) = -20*o + 38. Let v be t(1). Suppose 0 = 34*p - v*p - 4496. What is the tens digit of p?
8
Suppose -4*i = 3*o - 2923 - 4960, -2*o = 4*i - 5254. What is the hundreds digit of o?
6
Suppose -104734 = -4*u - 3*k, 8*u - 6*u = -k + 52370. What is the hundreds digit of u?
1
Let a(n) = -7*n - 11. Let j be a(-2). Suppose j*w = -2*w + 9*w. Suppose 2*i - 2*h - 224 = w, 3*i + 2*i = 3*h + 556. What is the tens digit of i?
1
Suppose -393*v = -390*v - 25542. Suppose 15*a - 3906 - v = 0. What is the units digit of a?
8
Let h = -1369 + 5919. Suppose 63*l - 73*l + h = 0. What is the hundreds digit of l?
4
Let i be ((-9583)/8)/(-7) + (-1)/8. Suppose -i*v = -174*v + 963. What is the hundreds digit of v?
3
Let y = -2283 - -5460. What is the units digit of y?
7
Let q = -202 + 157. What is the hundreds digit of (q/(-6))/(12/472)?
2
Let n be (-11)/(-2) + 1 + (-10)/4. Suppose -921 = -5*i + 4*w, -n*i - i + w = -924. Let v = 287 - i. What is the hundreds digit of v?
1
What is the ten thousands digit of (37*13 + 5/(-10))/((-20)/(-1000))?
2
Suppose j + 5*p - 15 = 0, -4*p = -2*j - j - 12. Suppose h - 18 = 5*k, -2*k + 3*k - 2*h = j. What is the hundreds digit of (-3062)/(-14) + k*(-4)/56?
2
Let c = 52 + -17. Suppose 0 = 900*w - 905*w + 2 + 523. Let d = w - c. What is the tens digit of d?
7
Let y be (-15)/(-2 + 4 + -5). Suppose y*q + 3*l = q + 60, 0 = q - 5*l - 38. What is the units digit of q?
8
Let g(k) be the third derivative of 61*k**5/60 - 5*k**4/24 + k**3/2 + 112*k**2. What is the hundreds digit of g(-2)?
2
Let m(y) = 210*y**2 + 129*y - 1107. What is the hundreds digit of m(8)?
3
Suppose -83*y - 4*o = -85*y + 16764, 16760 = 2*y - 3*o. What is the units digit of y?
4
Let u = 17087 - 10144. What is the thousands digit of u?
6
Suppose -10 = 22*l - 27*l. Suppose -l*c + 408 = c. Let m = c - 20. What is the units digit of m?
6
Let v = 4 - 12. Let q(r) = 10*r**2 + 46*r - 6. What is the tens digit of q(v)?
6
What is the hundreds digit of (-336)/588 - 465/35*1490/(-3)?
5
Let u(v) = -6*v + 79. Let o be u(10). What is the tens digit of (o - (-2 + 6))*12/4?
4
Suppose 60*w - 509554 = 264794 + 622932. What is the tens digit of w?
8
Let p(q) = -q + 2. Let l be p(9). What is the tens digit of 80/12 + l - (-1364)/6?
2
Let n(d) = -7*d**2 + 186*d + 465. What is the units digit of n(25)?
0
Suppose 1926250 = 263*m - 33*m. What is the units digit of m?
5
Suppose 4*y - 20 = -w, -3*w = 3*y - 7*w - 34. What is the units digit of (y/(-10))/(-1) + (-18261)/(-15)?
8
Let n(d) = d**3 + 2*d**2 + 4*d + 29. Let m be n(7). Suppose -390 - m = -h + 2*l, -2*h - 3*l = -1790. What is the units digit of h?
2
Let k(d) = -21*d**3 + 3*d - 7*d**2 + 4 - 2 + 9*d**2. What is the units digit of k(-1)?
2
Suppose 2*w = -3*w + 4*d + 12854, 0 = -3*w + 5*d + 7715. Suppose 3855 = 3*k + o, 2*k + 0*o = 5*o + w. What is the units digit of k?
5
Let u(v) = 8*v**3 - v**2. Let z be u(1). Let l(y) be the third derivative of y**5/60 - 7*y**4/24 + 5*y**3/2 - 5*y**2. What is the units digit of l(z)?
5
What is the hundreds digit of (-1)/(-2)*(10895*1 - (-369)/(-41))?
4
Let y = 89 + -97. Let n(p) = 10*p - 21. Let l be n(y). Let a = 136 + l. What is the units digit of a?
5
Let w(v) = 23*v**3 - 4*v**2 + 3*v - 3. Let m be w(4). Suppose -23*l = m - 3901. What is the hundreds digit of l?
1
Let i(v) = -2*v - 23. Let q be i(-21). What is the tens digit of (q*1)/((-43)/(-215))?
9
Let p(o) = o**3 - o**2 + 2. Let y(d) = 8*d**3 + 23*d**2 + 12*d + 33. Let r(q) = -6*p(q) + y(q). What is the tens digit of r(-14)?
4
What is the ten thousands digit of (25 + 453/(-9))*(-9378)/8?
2
Let t(d) = -1391*d + 9038. What is the hundreds digit of t(-38)?
8
Let k = 4077 + 16010. What is the thousands digit of k?
0
Let r(h) = 3*h**2 - 135*h + 6517. What is the units digit of r(103)?
9
Let i(y) = 180*y**2 - 73*y - 338. What is the thousands digit of i(-10)?
8
Suppose 0 = -5*d + 2*l - 878, -l = 3*d - 3*l + 530. Let x be 580/(-2) + 8 + 0. Let v = d - x. What is the hundreds digit of v?
1
Suppose 0 = -21*g + 19*g - 72. What is the units digit of (-23740)/(-90) + (-8)/g?
4
Let d(s) = s**2 + 4*s**2 - 9 - 2 + 13*s**3 + 3*s**2 - 11*s**2 + 7*s. What is the thousands digit of d(5)?
1
Suppose -14*a = 306 + 856. Let k = a + 133. Let r = k + -20. What is the tens digit of r?
3
Let v(w) = -207*w - 18. Let a be ((-4)/22 + 120/(-66))/1. What is the units digit of v(a)?
6
Let s(x) = x + 16. Let l be s(-3). Let y be l + -9 - 1/1. What is the tens digit of 1/(y/2) + 3249/27?
2
Suppose 3*k + 2*k = -4*u + 1617, -4*u + 4*k + 1644 = 0. Suppose -4*m + u = -m. Suppose 3*r = -2*r + 2*q + 302, -2*r + m = 3*q. What is the units digit of r?
2
Let f = -15 + 20. Suppose 0 = f*z + 2*z - 35. What is the units digit of z/10 + 3/6?
1
Suppose 78*g + 31296 = 84*g. What is the thousands di